 4, what is -1012 + 22?
-330
In base 15, what is -b + 33?
27
In base 14, what is -9 - -76?
6b
In base 15, what is -33 - -b?
-27
In base 15, what is -9 - 110?
-119
In base 8, what is -1 + -70?
-71
In base 7, what is -1 + 164?
163
In base 7, what is -24 - 1?
-25
In base 11, what is 5 - 444?
-43a
In base 7, what is -4 - 1002?
-1006
In base 14, what is 0 - 4a?
-4a
In base 10, what is -8 - -35?
27
In base 15, what is 9 - -54c?
556
In base 16, what is -79 - 3?
-7c
In base 4, what is -11 - 21?
-32
In base 3, what is -110 - -122021?
121211
In base 2, what is -11 + 101010?
100111
In base 11, what is 0 - 626?
-626
In base 14, what is -3 + 2d?
2a
In base 14, what is -a - a?
-16
In base 16, what is 14c - -1?
14d
In base 14, what is 2 - -10?
12
In base 8, what is 17 + 341?
360
In base 8, what is -104 + -17?
-123
In base 3, what is 20212 + -101?
20111
In base 16, what is -50 - -a?
-46
In base 10, what is 841 - 4?
837
In base 3, what is 12 - 10011021?
-10011002
In base 10, what is -25 + -80?
-105
In base 5, what is -22 + -300?
-322
In base 13, what is -2b - 48?
-76
In base 12, what is -42 + -a?
-50
In base 16, what is -dcf + -2?
-dd1
In base 2, what is -10 - 110000101?
-110000111
In base 3, what is -2 + -10001?
-10010
In base 5, what is -102 - -20?
-32
In base 7, what is 124 - -5?
132
In base 15, what is 8 - b1?
-a8
In base 4, what is -10 - -13002?
12332
In base 5, what is 1131413 + -1?
1131412
In base 5, what is 30 + 11?
41
In base 4, what is 233 - 1?
232
In base 10, what is 132 + 4?
136
In base 4, what is 11 - 132?
-121
In base 11, what is -3098 + 2?
-3096
In base 14, what is 387 - -1?
388
In base 5, what is 24 - -210?
234
In base 2, what is 100100000 + 101?
100100101
In base 7, what is 1 - 13?
-12
In base 13, what is 450 + 3?
453
In base 2, what is 1010110 + -10010011?
-111101
In base 2, what is 11 + 101000?
101011
In base 13, what is 0 + 483?
483
In base 3, what is 2122 - -111?
10010
In base 6, what is 1221 + 2?
1223
In base 2, what is 110 + -10111?
-10001
In base 2, what is -111101000 - -1000?
-111100000
In base 16, what is -3 - -35?
32
In base 3, what is 2 - 211211?
-211202
In base 15, what is -59 - 3d?
-97
In base 5, what is -103 + 24?
-24
In base 5, what is -114241 + -4?
-114300
In base 13, what is 1c + 4a?
69
In base 3, what is -11102 + -21?
-11200
In base 9, what is 7388 - 3?
7385
In base 6, what is -1203 - 5?
-1212
In base 14, what is -2 - -1?
-1
In base 10, what is 16 + -461?
-445
In base 5, what is -4 + 222?
213
In base 6, what is 1330 - 4?
1322
In base 2, what is 11 + 1001011?
1001110
In base 8, what is 220 + -3?
215
In base 13, what is c5 - -4?
c9
In base 4, what is -121 + -300?
-1021
In base 7, what is 21 + -16?
2
In base 11, what is 1818 - 1?
1817
In base 16, what is -88 - 2?
-8a
In base 3, what is -1102 + -1?
-1110
In base 5, what is 2 + 212?
214
In base 9, what is -3404 - 0?
-3404
In base 16, what is 0 - -5e1?
5e1
In base 2, what is -1011 + -10100011?
-10101110
In base 6, what is 3314 + 4?
3322
In base 2, what is -10 + -11000001?
-11000011
In base 13, what is -4c8 - -5?
-4c3
In base 3, what is -10 + 10220?
10210
In base 8, what is 2 + -165?
-163
In base 10, what is 13 - -15?
28
In base 5, what is 12 - 10434?
-10422
In base 7, what is -133 - -2?
-131
In base 7, what is -3 - -211?
205
In base 6, what is 4 - 2022?
-2014
In base 11, what is -504 - 4?
-508
In base 7, what is -3 + 33?
30
In base 3, what is 1111101102 + 1?
1111101110
In base 10, what is 5 + -101?
-96
In base 12, what is 18 - 20?
-4
In base 5, what is -112 + -40?
-202
In base 4, what is 10101 + 231?
10332
In base 8, what is -312 - 24?
-336
In base 2, what is 1011 + -1000?
11
In base 3, what is -112 + 1?
-111
In base 16, what is -8 + 80?
78
In base 15, what is -d0 - -96?
-39
In base 2, what is -11 - -1101010110?
1101010011
In base 11, what is 927 - -3?
92a
In base 5, what is 13343 - 2?
13341
In base 2, what is 110001000111 + 100?
110001001011
In base 3, what is -1 - -120021?
120020
In base 6, what is 315 - 15?
300
In base 15, what is -7 + 112?
10a
In base 10, what is 0 + -2446?
-2446
In base 14, what is 30 + 50?
80
In base 16, what is 5 - 109?
-104
In base 10, what is 1 + -5?
-4
In base 4, what is 22 + -11300?
-11212
In base 12, what is 1 + 64?
65
In base 14, what is -1 - -2892?
2891
In base 3, what is -10 - -10010?
10000
In base 11, what is -1 + -30?
-31
In base 9, what is -2 - 2353?
-2355
In base 6, what is 0 + 3502?
3502
In base 4, what is -20 + 1231?
1211
In base 10, what is 23 + 9?
32
In base 6, what is 3 - -52?
55
In base 13, what is 22 - 51?
-2c
In base 3, what is 121 - 210?
-12
In base 12, what is -239 - 2?
-23b
In base 6, what is 130 - -105?
235
In base 8, what is -43 - 131?
-174
In base 2, what is -1010110010 - 101?
-1010110111
In base 7, what is 26013 - -4?
26020
In base 4, what is 30 - -2130?
2220
In base 15, what is -1c - 1ba?
-1d7
In base 8, what is -4 - 214?
-220
In base 13, what is 6 - -8?
11
In base 11, what is 5315 - 5?
5310
In base 9, what is -1 + 4516?
4515
In base 2, what is 1001001010 - 101?
1001000101
In base 11, what is -2 - 1?
-3
In base 6, what is 2 - 4450?
-4444
In base 2, what is -10011010100 + -1?
-10011010101
In base 2, what is 1101 + -111?
110
In base 7, what is 403 - 1?
402
In base 14, what is -25 + 3?
-22
In base 12, what is 7 + bb?
106
In base 8, what is 4 + 50?
54
In base 9, what is 4852 - 3?
4848
In base 7, what is -5414 - 0?
-5414
In base 15, what is 2 + c5?
c7
In base 9, what is -3 + -205?
-208
In base 12, what is -7 + -115?
-120
In base 10, what is -12779 + -1?
-12780
In base 11, what is 9 - -4a8?
506
In base 14, what is -42 - 20?
-62
In base 14, what is 115 + -5?
110
In base 12, what is -562 + -4?
-566
In base 5, what is 1 - -400?
401
In base 3, what is -2 - 2222?
-10001
In base 13, what is -4 - 534?
-538
In base 14, what is 4 + -264?
-260
In base 13, what is -1b4 - -2?
-1b2
In base 16, what is 6441 - -2?
6443
In base 14, what is -147 + -11?
-158
In base 12, what is 451 + -4?
449
In base 8, what is 6714 + -4?
6710
In base 7, what is 16 - -206?
225
In base 7, what is 56 - 6?
50
In base 2, what is -1110110100111 + 11?
-1110110100100
In base 7, what is 2 + -4556?
-4554
In base 9, what is 1228 + 4?
1233
In base 11, what is 2 + 29?
30
In base 9, what is -54 - 17?
-72
In base 16, what is 4 - 8c5?
-8c1
In base 3, what is -1100221 + 20?
-1100201
In base 6, what is -10 - 201?
-211
In base 11, what is 5 + -4a1?
-497
In base 5, what is 200 + -34?
111
In base 8, what is -2 + -465?
-467
In base 10, what is 1 + -86?
-85
In base 7, what is 1355 + 4?
1362
In base 16, what is 1 + -102f?
-102e
In base 8, what is -1743 - 2?
-1745
In base 6, what is 2 - 1424?
-1422
In base 16, what is 4ac4 - -2?
4ac6
In base 6, what is -54 - 340?
-434
In base 12, what is 251 - 21?
230
In base 16, what is 2 - -31?
33
In base 2, what is 111111111 + 101?
1000000100
In base 11, what is -19847 + -2?
-19849
In base 13, what is 3c8 + -25?
3a3
In base 16, what is 12 - -9?
1b
In base 12, what is 3 + 35?
38
In base 14, what is 5b3 - -5?
5b8
In base 9, what is -438 + 3?
-435
In base 9, what is 16 - -30?
46
In base 16, what is a - -5?
f
In base 3, what is 101002 - 10?
100222
In base 7, what is 2 + -3223?
-3221
In base 9, what is -5 + 12?
6
In base 13, what is 3 - -40?
43
In base 11, what is 16 + 223?
239
In base 8, what is 2075 - -3?
2100
In base 7, what is -164 + 4?
-160
In base 14, what is -100 + 3?
-db
In base 13, what is 6 + -38?
-32
In base 14, what is 72 - 2d?
43
In base 9, what is 5 + 632?
637
In base 5, what is 234 + -123?
111
In base 15, what is 5 - 72?
-6c
In base 14, what is dc - -2?
100
In base 2, what is 11 - -100111001?
100111100
In base 8, what is 0 - 233?
-233
In base 4, what is 1 - 111330?
-111323
In base 8, what is -32 - -2?
-30
In base 16, what is -16fd - 2?
-16ff
In base 7, what is 2 - 114?
-112
In base 11, what is -11 - 4?
-15
In base 13, what is 4 + 2c8?
2cc
In base 7, what is 346 - 5?
341
In base 16, what is -5f + 7?
-58
In base 11, what is -49 + -74?
-112
In base 15, what is 3 - -253?
256
In base 13, what is b2 - 0?
b2
In base 5, what is -1 - -2211?
2210
In base 8, what is 30 - 23?
5
In base 12, what is -55 + 86?
31
In base 10, what is 206 + 19?
225
In base 2, what is 1011000 + 11?
1011011
In base 13, what is -5 + -740?
-745
In base 3, what is -2 - 100210?
-1002